et l(o) = 4*i(o) + 5*u(o). Determine l(5).
8
Let m(k) = -11*k**2 - 2*k**2 - 4 + 8*k**2 + 7*k**2. Calculate m(2).
4
Let d(u) = u**3 + 5*u**2 - 35*u + 7. Let k be d(-9). Let l = 1 + 2. Let b(z) = -3 + 2 + 2*z - l*z. Determine b(k).
1
Suppose 2*c + 2*c = 2*i, -3*c - 1 = -i. Let n(s) be the third derivative of -s**5/12 + s**4/24 - 3*s**2. Calculate n(c).
-6
Let t(i) = i**2. Let p be t(-5). Let v(d) = 8*d - 1. Let y be v(2). Let r(u) = -p - u + y - 10*u**2 + 10. What is r(-1)?
-9
Let s be 5 + 2 + -2 - -3. Let b be 3/(-12) + (-46)/s. Let x(a) = 2*a + 5. What is x(b)?
-7
Let u(m) = 17*m. Let w(a) = 19*a. Let z(p) = 7*u(p) - 6*w(p). Calculate z(1).
5
Suppose 38*y - 40 = 34*y. Suppose 15*i + 25 = y*i. Let x(j) = 5 + 2*j - 3*j + 2*j. Give x(i).
0
Suppose 2*v - 10 = -3*b, 4*v + 12 = -b + 42. Let g(f) = 11*f + 2*f**2 + v - 4*f - f**2 - 3. Let z be ((-14)/(-3))/(14/(-21)). Calculate g(z).
5
Let h be (-90)/(-132) + 4/(-22). Let a(w) be the second derivative of -h*w**3 + 0 - w**2 + 2*w. Give a(-3).
7
Let n(p) = p**2 - 27*p + 75. Let x(r) = -2*r**3 - 24*r**2 - 39*r + 34. Let d be x(-10). What is n(d)?
3
Let u(o) = -o**3 + 8*o**2 - 4*o - 1. Let n(v) = 2*v**3 - 17*v**2 + 8*v + 2. Suppose -10*x - 8 = 12. Let j(y) = x*n(y) - 5*u(y). Give j(4).
-15
Let f(u) be the third derivative of -u**4/24 - 3*u**3/2 - 21*u**2. What is f(4)?
-13
Let i(r) = -4*r**2 + 2*r + 1. Suppose 0 = 8*c + 16 - 8. Calculate i(c).
-5
Let c(x) be the first derivative of -x**4/4 - x**2/2 - 8*x - 1. Let p(n) = -n**3 + 10*n**2 - 8*n - 9. Let i be p(9). Calculate c(i).
-8
Let t(v) = -v + 1. Let u(p) = -16*p**3 - 8 + 8*p**3 - 6*p**2 - 6*p + 7*p**3. Let i be u(-5). Calculate t(i).
4
Let y(j) = 3*j + 24. Let s be y(-7). Let h(b) = -3*b + b**2 + 7*b - b + s - 5*b. Calculate h(2).
3
Let l = -18 - -25. Suppose -50 = -l*b + 2*b. Suppose 4*n = 3*n - c, -4*n - 2*c = b. Let d(h) = -h**2 - 4*h - 3. Give d(n).
-8
Let p(c) = -8*c**3 - 4*c**2 - c - 11. Let b be 95/(-19) - 1*2. Let r(j) = -7*j**3 - 3*j**2 - j - 10. Let l(g) = b*r(g) + 6*p(g). Calculate l(3).
7
Let y be 7/(1/(1 - 0)). Let o(g) = 1 + 0 - 3*g + g + g**3 - 4404*g**2 + 4397*g**2. Calculate o(y).
-13
Let q(v) = 3*v - 10. Suppose 12*s = -12*s + 240. What is q(s)?
20
Suppose -2*m - 140 = 4*l - m, 88 = -2*l - 5*m. Let i = 30 + l. Let n(k) be the second derivative of -k**5/20 - 5*k**4/12 - k**3 - k**2/2 + k. Determine n(i).
7
Let q(s) be the first derivative of s**2/2 + 10*s + 6. Suppose -14 = j - 4*y + 3, -5*y + 15 = 0. Calculate q(j).
5
Let b(m) = 20 - 10 + 3*m - 4. Let s(j) = j**2 - 12*j - 4. Let x be s(12). Determine b(x).
-6
Suppose d + 3*d = -4*c - 36, d = -3*c - 17. Let j = 6 + c. Let y be (-1)/j*1*12. Let v(t) = -t**2 - 8*t + 5. Determine v(y).
17
Let t(f) be the second derivative of -f**4/12 - 5*f**3/3 + f**2/2 + 478*f. Let x = 2 - 7. Calculate t(x).
26
Let w = -88 + 88. Let f(a) = 2*a**2 - 4*a + 2. Let h(y) = -5*y**2 + 11*y - 5. Let b(i) = -8*f(i) - 3*h(i). Determine b(w).
-1
Let g = -29 - -88/3. Let t(y) be the first derivative of -8*y - 3*y**2 + 7 + g*y**3. Give t(6).
-8
Suppose 0 = -2*y + 4*k + 4, -4*y - 9*k + 14*k + 17 = 0. Let f(c) = -c**2 + 7*c + 6. What is f(y)?
-2
Let h = 44 + -44. Let i(b) = -b - 1. Suppose k + 7 = 5*n, 2 = k + 4. Let g(y) = -3*y - 2. Let z(f) = n*g(f) - 2*i(f). Determine z(h).
0
Let p(b) be the third derivative of b**5/60 + b**4/8 + 7*b**3/6 - 375*b**2. Let o(k) = -k**2 + 6*k - 5. Let w be o(6). Calculate p(w).
17
Suppose 11*j - 72 + 28 = 0. Let h(y) = y**3 - 4*y**2 + y - 2. Calculate h(j).
2
Let s(u) = -5245*u**3 - 14*u + 2622*u**3 - 4*u**2 + 21*u**2 + 2622*u**3 - 30. Calculate s(16).
2
Let o(d) = -d**3 - 12*d**2 + 2*d + 17. Let s be (-648)/52 + (-156)/(-338). Calculate o(s).
-7
Suppose -5*q - 3 + 23 = 0. Suppose x = -5*c - 8, -5*c - x - q*x = 20. Let n(f) = 4*f**2 + 11. Let j(m) = 3*m**2 + 7. Let o(u) = 8*j(u) - 5*n(u). Give o(c).
5
Let d(n) = 2*n**3 + 3*n**2 - 3*n. Let g be d(2). Let a = -22 + g. Suppose -j - 2*j - 4 = -v, a = 5*j + 10. Let w(c) = 2*c**3 + 3*c**2 + 2*c + 2. What is w(v)?
-6
Let m(h) = -h**3 + h**2 - 2*h + 1. Let i be (3/3)/(-1) - -44. Let v = i - 42. Give m(v).
-1
Let i(b) = 2*b**2 - b + 1. Let l(g) = -2*g**3 - 5*g**2 + 5*g - 5. Let u(m) = -3*i(m) - l(m). Calculate u(2).
10
Let v(i) be the first derivative of i**4/4 + 5*i**3/3 - 3*i**2/2 + 6*i - 386. Calculate v(-6).
-12
Let b(t) be the first derivative of -3*t**2/2 + 19*t + 219. Calculate b(8).
-5
Let f be (-2)/((0 - -1) + 0). Let k(p) = -27*p**3 - 4*p**2 + 21*p + 21. Let z(j) = -5*j**3 - j**2 + 4*j + 4. Let o(w) = -2*k(w) + 11*z(w). Give o(f).
-6
Suppose 6*n + 39 - 15 = 0. Let u be 8 - (1 + -2 + 3). Let p(m) = -3 - m**2 - u*m + 1 - 2. Calculate p(n).
4
Suppose 21*m - 2*m = -17*m. Let w(q) = q**3 + 3*q**2 + 4*q + 3. Let u(v) = v**3 + 2*v**2 + 3*v + 4. Let s(j) = -3*u(j) + 2*w(j). Calculate s(m).
-6
Let d(h) = -3*h**2 + 3*h - 4. Let j(b) = 2*b**2 - b + 2. Let r(v) = 3*d(v) + 5*j(v). Let m(q) = -q**2 + 5*q - 4. Let x be m(-5). Let y = -59 - x. Give r(y).
3
Let u(o) be the third derivative of -o**6/360 + o**5/60 - o**4/24 + 16*o**2. Let i(p) be the second derivative of u(p). Calculate i(3).
-4
Let a(j) = 3*j + 7*j - 10*j + 10 + 4*j + 0*j. What is a(-10)?
-30
Let s(g) = g + 2. Let f(q) = q**2 + q - 1. Let o be f(2). Let w(r) be the third derivative of r**4/12 - 5*r**3/2 - 5*r**2. Let l be w(o). What is s(l)?
-3
Let q(x) be the first derivative of -7*x**2/2 - x + 3. Let w(c) = -3*c. Let d(r) = 2*q(r) - 5*w(r). Determine d(2).
0
Suppose 3*r + 5 = -1. Let x(d) = 0*d - d + d - 1619*d**3 - 3*d**2 + 1618*d**3 - 2*d. Determine x(r).
0
Let r(m) = -7*m + 31. Let u be r(5). Let q(a) = -a**2 - a + 1. Let z(w) = -2*w**2 + 2*w + 5. Let i(h) = -3*q(h) + z(h). Give i(u).
-2
Let n = -46 + 48. Let l(q) = q**3 + 2*q + 2 + 2*q**2 - 4*q + 3 + 2*q**n. What is l(-5)?
-10
Let f(c) = 5*c**2 + 6*c + 6. Let q(w) = w**2 + w. Let k(b) = -f(b) + 6*q(b). Give k(5).
19
Let j(p) = p**3 - 8*p**2 + 3*p - 12. Let w be j(8). Suppose -2*x + 8 = w. Let l(o) = o**3 - o**2 - 2*o - 1. Give l(x).
-9
Let f(v) = v**3 - 3*v**2 - 5*v + 6. Let k be f(4). Let s(m) = k*m + 12 - 5 + 3. Calculate s(-7).
-4
Let i = 1384 - 1379. Let j(d) = d**2 + 4*d - 9. Determine j(i).
36
Let r(s) = 6*s**2 + 6*s - 8. Let n(i) = i**2 + 2*i - 3. Let t(h) = 2*n(h) - r(h). Calculate t(2).
-18
Let t(f) be the second derivative of f**4/12 - f**3/6 - f**2 - 7*f - 1. Let g = -13 - -15. What is t(g)?
0
Let w(k) = 30*k + 578. Let z be w(-19). Let s(y) = -y**2 + 10*y + 7. Give s(z).
23
Let u(x) be the first derivative of -5*x**4/4 - x**2/2 + x - 83. Suppose -5*d = -8 + 3. Determine u(d).
-5
Suppose -33 = 5*y + 2. Let t(l) be the third derivative of l**5/60 + l**4/4 + 2*l**3/3 - 11*l**2 + 4. Calculate t(y).
11
Let p be (0 - 1)/(2/14). Let t(d) = -38*d**2 - 34*d - 39. Let k(z) = 27*z**2 + 23*z + 27. Let r(g) = 7*k(g) + 5*t(g). Determine r(p).
8
Let b(k) = -5*k - 12. Let o(f) = -9*f - 14. Let t(g) = 3*b(g) - 2*o(g). Calculate t(-11).
-41
Suppose 1 = 45*h - 44*h. Let l(j) = 2*j**3 + j**2 + j - 1. Give l(h).
3
Suppose -117*o = -15 - 102. Let f(a) = 0 - 2 - 20*a + 1. Determine f(o).
-21
Let u(n) be the second derivative of 5*n**4/12 - 2*n**3/3 + 5*n**2/2 + 14*n - 1. What is u(2)?
17
Let o be 17 - 0*1/(-4). Let p(y) = -y**3 + 3*y**2 - 5*y - 3. Let g(w) = -3*w**3 + 9*w**2 - 14*w - 9. Let x(t) = o*p(t) - 6*g(t). Give x(4).
15
Let s(m) = -17*m**3 + m**2 + m - 1. Suppose -4*n + z = n + 2, 4*z - 8 = -2*n. Let g(q) = q**3 - q + 1. Let p be g(n). Calculate s(p).
-16
Let i be (52/16 + -3)/((-1)/(-4)). Suppose 3*r - 5*f + 7 = -18, r + 2*f + i = 0. Let c(k) = -k - 12. What is c(r)?
-7
Let f(q) = -q**2 - 11*q - 23. Let r be f(-6). Let o(z) = -4*z - 4. Give o(r).
-32
Let c(t) = -160 - 164 - 160 - 4*t + 484 - 3*t**2. Let s be (2/(2/3))/(-1). Let a be (-2)/s + (-11)/3. Give c(a).
-15
Let t(r) = r**3 - 12*r**2 + 10*r + 4. Suppose -2*z + 0*z + 22 = 0. Let y be t(z). Let l(b) = -b - 6. Let w be l(y). Let q(j) = 8*j**3 + j. What is q(w)?
9
Let l(r) = -r**2 + 12*r - 17. Let x be l(8). Let w(z) = 20*z - x*z - 5 + 2. Calculate w(2).
7
Let h(a) be the third derivative of a**5/60 - a**4/2 - 2*a**3/3 - 106*a**2 + a. What is h(12)?
-4
Let u(m) be the third derivative of -m**5/60 + 3*m**4/8 - m**3 - 131*m**2 + m. Let d be 5*(-3)/((-30)/16). Calculate u(d).
